65. What is the remainder when 42 is divided by j?
12
Let m(d) = d**2 + 3*d - 313. Let f = 6 + 4. What is the remainder when m(-20) is divided by f?
7
Suppose -4*y - 26 = 5*z - 94, -3*z = 5*y - 98. Suppose 2*f + f - 2*b - 25 = 0, 2*f - y = 4*b. Let q = 14 - -8. Calculate the remainder when q is divided by f.
1
Let n(j) = 15*j + 6. Let o be n(3). Suppose 3*x + 2*x = -w + o, 0 = -4*x + 2*w + 38. Suppose -x = -2*y - 4. Calculate the remainder when 9 is divided by y.
0
Suppose 4*b = 8 + 12. Suppose 0*q - 3*q - 4*g = -189, b*q - 5*g = 315. Suppose 0*f = -3*f + q. Calculate the remainder when 41 is divided by f.
20
Suppose -3 + 325 = 23*a. What is the remainder when a is divided by 6?
2
Let w = 53 + 45. Suppose -29*d + 138 = 51. Calculate the remainder when w/12 - 3/18 is divided by d.
2
Let m(f) = -f - 85. Let t(q) = q + 84. Let j(z) = -3*m(z) - 2*t(z). Let p = -8420 - -8442. What is the remainder when j(0) is divided by p?
21
What is the remainder when 55 is divided by (35/6)/(-7) + 15113/762?
17
Let a = -57 + 108. Suppose 4*u + u - 28 = 2*x, 0 = 2*u - 4*x - 8. Calculate the remainder when a is divided by u.
3
Let j = -72 + 70. Suppose 3*g - 21 = -3*q - g, q - 3*g = 20. What is the remainder when j/(((-8)/(-76))/(-1)) is divided by q?
8
Calculate the remainder when 165 is divided by ((-45)/(-5) + -6)*(-168)/(-9).
53
Suppose 3*u = 6*i - 2*i - 392, -i + u + 99 = 0. Suppose i = 4*z + 2*o + 27, -4*o - 111 = -5*z. What is the remainder when 35 is divided by z?
16
Let h = 28 + -19. What is the remainder when (-2)/((h/(-309))/(12/8)) is divided by 21?
19
Suppose -m = -u + 546, 5*u - 48*m - 2722 = -47*m. What is the remainder when u is divided by 110?
104
Suppose -7*d + 2*i + 518 = 0, -3*d - 3*i = -0*d - 222. Calculate the remainder when d is divided by 41.
33
Suppose 2*k + i - 1561 = 0, 0 = -k + 2*i - i + 788. Suppose -9*d = -k + 81. What is the remainder when d is divided by 20?
18
Suppose 0 = 2*n - 0*n - 230. Calculate the remainder when n is divided by (-445)/(-15) - (-4)/(4 - -8).
25
Suppose -20 = -3*o - 2. Let z(i) = -i**2 - 35*i - 164. Calculate the remainder when z(-29) is divided by o.
4
Suppose 8*c - 3540 = 4*u, 4*c - 4*u + 2219 = 9*c. Calculate the remainder when c is divided by 16.
11
Suppose 7*t - 19 - 387 = 0. What is the remainder when 288 is divided by t?
56
Suppose -i + 59 = -36. Let f = i + -58. What is the remainder when 143 is divided by f?
32
Let t be (-15 - -1)/(12/24). Let r = 103 + t. Suppose -2*o = -r + 15. What is the remainder when o is divided by 11?
8
Suppose 0 = -4*q + 3 + 29. Let f be (-33)/(-8) - 15/120. Suppose 0 = f*z + 46 - 170. Calculate the remainder when z is divided by q.
7
Suppose 0 = -17*a + 294 + 828. Calculate the remainder when 276 is divided by a.
12
Let c = -897 + 943. What is the remainder when 1194 is divided by c?
44
Let q = 119 + -114. Suppose -29 = -k - l, -k + l = q*l - 14. What is the remainder when k is divided by 13?
8
Let v = -1187 + 1402. Calculate the remainder when v is divided by 20.
15
Let u = 0 + 3. Suppose 88 = -4*q + 2*p, 34 = -3*q + 3*p - 38. What is the remainder when (-264)/q + 10/(-50) is divided by u?
1
Suppose -19*p + 21*p = 3*v - 101, 3*v = p + 97. Calculate the remainder when v is divided by 7.
3
Let j = 81 - 31. Let z(t) = t + 86. Calculate the remainder when z(10) is divided by j.
46
Calculate the remainder when (3 + (-211)/(-5))*5 is divided by 77.
72
Let s(n) be the second derivative of -n**5/20 - n**4/2 - 7*n**3/6 + n**2/2 - 9*n. What is the remainder when 32 is divided by s(-5)?
10
Let i(j) = j**2 - 4*j - 6. Suppose 4*r + 50 = -5*g + 5*r, -3*g - 30 = 4*r. What is the remainder when 51/(5/g - -1) is divided by i(8)?
24
Let i(h) = 2*h**2 - 3*h + 78. Calculate the remainder when i(5) is divided by 30.
23
What is the remainder when 264 is divided by -7*(90/(-75) + 4/(-5))?
12
Let n = 70 + -46. Let x = 19 + -8. What is the remainder when n is divided by x?
2
Let z = -51 + 109. What is the remainder when 245 is divided by z?
13
What is the remainder when -6 - -48*(-30)/(-12) is divided by 9?
6
Let h be (-13)/(-3) + (-2)/(2 + 4). Calculate the remainder when 141 is divided by (-48)/(-7)*35/(20/h).
45
Let g(c) = -3*c**2 + 2 + 4*c**2 - 2*c - 2*c**2 + 6. Let j be g(5). Let u = 45 + j. Calculate the remainder when u is divided by 5.
3
What is the remainder when (-3 - -80)/1 - (2 - 1) is divided by (20/(-6))/(3/(-18))?
16
Suppose -3*h - 141 = -2*m, 0*h = 4*m + 2*h - 274. Let r be 8/(-10)*(3/(-6) + 3). What is the remainder when m is divided by (-294)/(-12) + -1*(-1)/r?
21
Suppose -u + 67 - 5 = -w, 2*w - 4*u = -114. Let v = -56 - w. What is the remainder when 52 is divided by v?
8
Suppose 0 = -12*r + 7*r + 725. Calculate the remainder when r is divided by 44.
13
Suppose -2*l = -2*q - 328, 2*q + 3*l + 330 = 6*l. Let k = -237 - q. Calculate the remainder when (10/(-15))/(1/k) is divided by 17.
16
Let u(f) = 3*f + 13. Let x be u(4). Suppose 5*d = d - 2*z + 36, 0 = -3*d - z + x. What is the remainder when 19 is divided by d?
5
Let r be (-2)/(-3) + (-1)/(-3). Suppose -10*u = -3*u - 245. What is the remainder when u is divided by r*1/(-2)*-36?
17
Let r(p) = p**2 - 3*p. Suppose 0 = -u + 27 - 22. Let m = -91 + 130. What is the remainder when m is divided by r(u)?
9
Let l be 159*(-1 - -2) - (-2)/(-2). Suppose 3*c - l = 100. Calculate the remainder when c is divided by 30.
26
What is the remainder when 35*1*(-106)/(-742) - (-1 + -81) is divided by -1 + (2 - -44) + 1?
41
Suppose 233 - 159 = 2*z. Calculate the remainder when z is divided by 28.
9
Suppose 0 = -919*x + 922*x + 4*d - 181, -2*x - 4*d + 126 = 0. What is the remainder when x is divided by -1*1 - 15/(-1)?
13
Let g = 82 - 47. What is the remainder when g/(-2)*(-36)/21 is divided by 16?
14
Suppose -3*n + d = -0*n - 11, -3*d = -3*n + 9. Suppose y + 4*b = 27, -n*b = -3*y + 7 + 26. What is the remainder when 44 is divided by y?
14
What is the remainder when 248 is divided by (2 + (-192)/21)*-7?
48
Suppose -3*t + 743 + 100 = 3*v, t - 281 = 3*v. What is the remainder when t is divided by 58?
49
Let k = 178 - 118. Calculate the remainder when k is divided by 14 + (-25)/(5 + 0).
6
Suppose -5*q = -o - 3*o + 472, -o - 5*q + 118 = 0. Let p = -50 + o. Calculate the remainder when p is divided by 23.
22
Let s(n) = -n**2 - 8*n + 8. Suppose 3*z + 9 = 114. Suppose 5*b + z = f, f = -b + 6*f - 7. Calculate the remainder when s(b) is divided by 10.
5
Suppose 2*v + 0*v - 10 = 0. Suppose 0 = -v*o - 0 + 160. What is the remainder when 94 is divided by o?
30
Let w = -124 - -141. What is the remainder when 203 is divided by w?
16
Suppose 3*o - 3*m = 47 + 115, 4*o + 2*m = 210. Calculate the remainder when 148 is divided by o.
42
Suppose -2371 = -21*s - 187. Calculate the remainder when s is divided by 24.
8
Let m = 75 + -125. What is the remainder when (36/15 + -3)/(2/m) is divided by 5?
0
Let l(u) = 2*u. Let q be 2/(-6) - (-16)/3. Let p = 11 + -8. Calculate the remainder when l(q) is divided by p.
1
Let q(g) = -g - 5. Let n be q(8). Let b = -13 - n. Suppose b*k = 3*k - 30. Calculate the remainder when 17 is divided by k.
7
Let t be (-1908)/(-32) + (-3)/(-8). Suppose 3*j = 4*w + 2*j - t, j - 52 = -3*w. What is the remainder when w is divided by 6?
4
Let a be (3/6)/(6/(-24)) - -2. Suppose 2*q + 40 = 3*t, 8*t - 3*t - q - 69 = a. Let z(i) = 3*i**2 - 2*i + 2. Calculate the remainder when z(5) is divided by t.
11
Suppose 0 = 3*u - 5*h - 276 - 515, 0 = 5*u - 5*h - 1325. What is the remainder when u is divided by 30?
27
Suppose -2*j - 3*g - 13 = -942, -2*j = g - 931. Calculate the remainder when j is divided by 47.
43
Let o be -5*(-3 + 21/15). Suppose 3*l = o*l - 230. What is the remainder when l is divided by 9?
1
Let j = 50 + -27. Let h be (-22)/(-33)*(5 + 1). Suppose 0 = -h*b + 32 - 8. What is the remainder when j is divided by b?
5
Let h = -17 + 77. Suppose 7*f - 2*f - 4*w = 41, 5*f - 17 = -2*w. Let j = 16 + f. Calculate the remainder when h is divided by j.
18
Let q be -3 - ((-3 - -2) + -7). Suppose 4*f - 49 = -2*j + 37, -46 = -2*f + 2*j. Calculate the remainder when f is divided by -1 + 10 + 3 + -11 + q.
4
Suppose -17*f + 14*f - 5*w = -156, -4*f - w + 191 = 0. What is the remainder when 328 is divided by f?
46
Let l = -10 - -13. Let n be 147/9 - (-2)/(-6). Suppose 